{"id":1596,"date":"2017-05-17T12:06:47","date_gmt":"2017-05-17T10:06:47","guid":{"rendered":"https:\/\/naturheilpraxis-dean.de\/de\/wp-content\/uploads\/2017\/05\/foto_hahnemann.png"},"modified":"2017-05-19T15:22:31","modified_gmt":"2017-05-19T13:22:31","slug":"foto_hahnemann","status":"inherit","type":"attachment","link":"https:\/\/naturheilpraxis-dean.de\/de\/therapien\/foto_hahnemann\/","title":{"rendered":""},"author":1,"featured_media":0,"comment_status":"open","ping_status":"closed","template":"","meta":[],"class_list":["post-1596","attachment","type-attachment","status-inherit","hentry"],"yoast_head":"<!-- This site is optimized with the Yoast SEO plugin v27.1.1 - https:\/\/yoast.com\/product\/yoast-seo-wordpress\/ -->\n<title>- Naturheilpraxis Claudia Dean in Langebr\u00fcck<\/title>\n<meta name=\"robots\" content=\"index, follow, max-snippet:-1, max-image-preview:large, max-video-preview:-1\" \/>\n<link rel=\"canonical\" href=\"https:\/\/naturheilpraxis-dean.de\/de\/wp-content\/uploads\/2017\/05\/foto_hahnemann.png\" \/>\n<meta property=\"og:locale\" content=\"de_DE\" \/>\n<meta property=\"og:type\" content=\"article\" \/>\n<meta property=\"og:title\" content=\"- Naturheilpraxis Claudia Dean in Langebr\u00fcck\" \/>\n<meta property=\"og:url\" content=\"https:\/\/naturheilpraxis-dean.de\/de\/wp-content\/uploads\/2017\/05\/foto_hahnemann.png\" \/>\n<meta property=\"og:site_name\" content=\"Naturheilpraxis Claudia Dean in Langebr\u00fcck\" \/>\n<meta property=\"article:modified_time\" content=\"2017-05-19T13:22:31+00:00\" \/>\n<meta property=\"og:image\" content=\"https:\/\/naturheilpraxis-dean.de\/de\/wp-content\/uploads\/2017\/05\/foto_hahnemann.png\" \/>\n\t<meta property=\"og:image:width\" content=\"208\" \/>\n\t<meta property=\"og:image:height\" content=\"208\" \/>\n\t<meta property=\"og:image:type\" content=\"image\/png\" \/>\n<meta name=\"twitter:card\" content=\"summary_large_image\" \/>\n<script type=\"application\/ld+json\" class=\"yoast-schema-graph\">{\"@context\":\"https:\/\/schema.org\",\"@graph\":[{\"@type\":\"WebPage\",\"@id\":\"https:\/\/naturheilpraxis-dean.de\/de\/wp-content\/uploads\/2017\/05\/foto_hahnemann.png\",\"url\":\"https:\/\/naturheilpraxis-dean.de\/de\/wp-content\/uploads\/2017\/05\/foto_hahnemann.png\",\"name\":\"- Naturheilpraxis Claudia Dean in Langebr\u00fcck\",\"isPartOf\":{\"@id\":\"https:\/\/naturheilpraxis-dean.de\/de\/#website\"},\"datePublished\":\"2017-05-17T10:06:47+00:00\",\"dateModified\":\"2017-05-19T13:22:31+00:00\",\"breadcrumb\":{\"@id\":\"https:\/\/naturheilpraxis-dean.de\/de\/wp-content\/uploads\/2017\/05\/foto_hahnemann.png#breadcrumb\"},\"inLanguage\":\"de\",\"potentialAction\":[{\"@type\":\"ReadAction\",\"target\":[\"https:\/\/naturheilpraxis-dean.de\/de\/wp-content\/uploads\/2017\/05\/foto_hahnemann.png\"]}]},{\"@type\":\"BreadcrumbList\",\"@id\":\"https:\/\/naturheilpraxis-dean.de\/de\/wp-content\/uploads\/2017\/05\/foto_hahnemann.png#breadcrumb\",\"itemListElement\":[{\"@type\":\"ListItem\",\"position\":1,\"name\":\"Startseite\",\"item\":\"https:\/\/naturheilpraxis-dean.de\/de\/\"},{\"@type\":\"ListItem\",\"position\":2,\"name\":\"Therapien\",\"item\":\"https:\/\/naturheilpraxis-dean.de\/de\/therapien\/\"}]},{\"@type\":\"WebSite\",\"@id\":\"https:\/\/naturheilpraxis-dean.de\/de\/#website\",\"url\":\"https:\/\/naturheilpraxis-dean.de\/de\/\",\"name\":\"Naturheilpraxis Claudia Dean in Langebr\u00fcck\",\"description\":\"Schr\u00f6pfen, Aderlass nach Hildegard v. Bingen und Baunscheidtieren, Dorn- \/Breu\u00dftherapie, Fu\u00dfreflexzonentherapie, Eigenbluttherapie, Aderlass, Pflanzenheilkunde, Hom\u00f6opathie und Spagyrik, Sch\u00fcssler-Salze, mikrobiologische Pr\u00e4parate, Algen, Naturmineralien oder orthomolekulare Medizin in Kombination mit ausgew\u00e4hlten Therapien, Ern\u00e4hrungsumstellung\",\"publisher\":{\"@id\":\"https:\/\/naturheilpraxis-dean.de\/de\/#organization\"},\"potentialAction\":[{\"@type\":\"SearchAction\",\"target\":{\"@type\":\"EntryPoint\",\"urlTemplate\":\"https:\/\/naturheilpraxis-dean.de\/de\/?s={search_term_string}\"},\"query-input\":{\"@type\":\"PropertyValueSpecification\",\"valueRequired\":true,\"valueName\":\"search_term_string\"}}],\"inLanguage\":\"de\"},{\"@type\":\"Organization\",\"@id\":\"https:\/\/naturheilpraxis-dean.de\/de\/#organization\",\"name\":\"Naturheilpraxis Claudia Dean\",\"url\":\"https:\/\/naturheilpraxis-dean.de\/de\/\",\"logo\":{\"@type\":\"ImageObject\",\"inLanguage\":\"de\",\"@id\":\"https:\/\/naturheilpraxis-dean.de\/de\/#\/schema\/logo\/image\/\",\"url\":\"https:\/\/naturheilpraxis-dean.de\/de\/wp-content\/uploads\/2017\/05\/logo_navi_big2.png\",\"contentUrl\":\"https:\/\/naturheilpraxis-dean.de\/de\/wp-content\/uploads\/2017\/05\/logo_navi_big2.png\",\"width\":350,\"height\":83,\"caption\":\"Naturheilpraxis Claudia Dean\"},\"image\":{\"@id\":\"https:\/\/naturheilpraxis-dean.de\/de\/#\/schema\/logo\/image\/\"}}]}<\/script>\n<!-- \/ Yoast SEO plugin. -->","yoast_head_json":{"title":"- Naturheilpraxis Claudia Dean in Langebr\u00fcck","robots":{"index":"index","follow":"follow","max-snippet":"max-snippet:-1","max-image-preview":"max-image-preview:large","max-video-preview":"max-video-preview:-1"},"canonical":"https:\/\/naturheilpraxis-dean.de\/de\/wp-content\/uploads\/2017\/05\/foto_hahnemann.png","og_locale":"de_DE","og_type":"article","og_title":"- Naturheilpraxis Claudia Dean in Langebr\u00fcck","og_url":"https:\/\/naturheilpraxis-dean.de\/de\/wp-content\/uploads\/2017\/05\/foto_hahnemann.png","og_site_name":"Naturheilpraxis Claudia Dean in Langebr\u00fcck","article_modified_time":"2017-05-19T13:22:31+00:00","og_image":[{"width":208,"height":208,"url":"https:\/\/naturheilpraxis-dean.de\/de\/wp-content\/uploads\/2017\/05\/foto_hahnemann.png","type":"image\/png"}],"twitter_card":"summary_large_image","schema":{"@context":"https:\/\/schema.org","@graph":[{"@type":"WebPage","@id":"https:\/\/naturheilpraxis-dean.de\/de\/wp-content\/uploads\/2017\/05\/foto_hahnemann.png","url":"https:\/\/naturheilpraxis-dean.de\/de\/wp-content\/uploads\/2017\/05\/foto_hahnemann.png","name":"- Naturheilpraxis Claudia Dean in Langebr\u00fcck","isPartOf":{"@id":"https:\/\/naturheilpraxis-dean.de\/de\/#website"},"datePublished":"2017-05-17T10:06:47+00:00","dateModified":"2017-05-19T13:22:31+00:00","breadcrumb":{"@id":"https:\/\/naturheilpraxis-dean.de\/de\/wp-content\/uploads\/2017\/05\/foto_hahnemann.png#breadcrumb"},"inLanguage":"de","potentialAction":[{"@type":"ReadAction","target":["https:\/\/naturheilpraxis-dean.de\/de\/wp-content\/uploads\/2017\/05\/foto_hahnemann.png"]}]},{"@type":"BreadcrumbList","@id":"https:\/\/naturheilpraxis-dean.de\/de\/wp-content\/uploads\/2017\/05\/foto_hahnemann.png#breadcrumb","itemListElement":[{"@type":"ListItem","position":1,"name":"Startseite","item":"https:\/\/naturheilpraxis-dean.de\/de\/"},{"@type":"ListItem","position":2,"name":"Therapien","item":"https:\/\/naturheilpraxis-dean.de\/de\/therapien\/"}]},{"@type":"WebSite","@id":"https:\/\/naturheilpraxis-dean.de\/de\/#website","url":"https:\/\/naturheilpraxis-dean.de\/de\/","name":"Naturheilpraxis Claudia Dean in Langebr\u00fcck","description":"Schr\u00f6pfen, Aderlass nach Hildegard v. Bingen und Baunscheidtieren, Dorn- \/Breu\u00dftherapie, Fu\u00dfreflexzonentherapie, Eigenbluttherapie, Aderlass, Pflanzenheilkunde, Hom\u00f6opathie und Spagyrik, Sch\u00fcssler-Salze, mikrobiologische Pr\u00e4parate, Algen, Naturmineralien oder orthomolekulare Medizin in Kombination mit ausgew\u00e4hlten Therapien, Ern\u00e4hrungsumstellung","publisher":{"@id":"https:\/\/naturheilpraxis-dean.de\/de\/#organization"},"potentialAction":[{"@type":"SearchAction","target":{"@type":"EntryPoint","urlTemplate":"https:\/\/naturheilpraxis-dean.de\/de\/?s={search_term_string}"},"query-input":{"@type":"PropertyValueSpecification","valueRequired":true,"valueName":"search_term_string"}}],"inLanguage":"de"},{"@type":"Organization","@id":"https:\/\/naturheilpraxis-dean.de\/de\/#organization","name":"Naturheilpraxis Claudia Dean","url":"https:\/\/naturheilpraxis-dean.de\/de\/","logo":{"@type":"ImageObject","inLanguage":"de","@id":"https:\/\/naturheilpraxis-dean.de\/de\/#\/schema\/logo\/image\/","url":"https:\/\/naturheilpraxis-dean.de\/de\/wp-content\/uploads\/2017\/05\/logo_navi_big2.png","contentUrl":"https:\/\/naturheilpraxis-dean.de\/de\/wp-content\/uploads\/2017\/05\/logo_navi_big2.png","width":350,"height":83,"caption":"Naturheilpraxis Claudia Dean"},"image":{"@id":"https:\/\/naturheilpraxis-dean.de\/de\/#\/schema\/logo\/image\/"}}]}},"description":{"rendered":"<p class=\"attachment\"><a data-rel=\"iLightbox[postimages]\" data-title=\"\" data-caption=\"\" href='https:\/\/naturheilpraxis-dean.de\/de\/wp-content\/uploads\/2017\/05\/foto_hahnemann.png'><img decoding=\"async\" width=\"208\" height=\"208\" src=\"https:\/\/naturheilpraxis-dean.de\/de\/wp-content\/uploads\/2017\/05\/foto_hahnemann.png\" class=\"attachment-medium size-medium\" alt=\"\" srcset=\"https:\/\/naturheilpraxis-dean.de\/de\/wp-content\/uploads\/2017\/05\/foto_hahnemann-66x66.png 66w, https:\/\/naturheilpraxis-dean.de\/de\/wp-content\/uploads\/2017\/05\/foto_hahnemann-150x150.png 150w, https:\/\/naturheilpraxis-dean.de\/de\/wp-content\/uploads\/2017\/05\/foto_hahnemann-200x200.png 200w, https:\/\/naturheilpraxis-dean.de\/de\/wp-content\/uploads\/2017\/05\/foto_hahnemann.png 208w\" sizes=\"(max-width: 208px) 100vw, 208px\" \/><\/a><\/p>\n"},"caption":{"rendered":""},"alt_text":"","media_type":"image","mime_type":"image\/png","media_details":{"width":208,"height":208,"file":"2017\/05\/foto_hahnemann.png","sizes":{"thumbnail":{"file":"foto_hahnemann-150x150.png","width":150,"height":150,"mime_type":"image\/png","source_url":"https:\/\/naturheilpraxis-dean.de\/de\/wp-content\/uploads\/2017\/05\/foto_hahnemann-150x150.png"},"portfolio-five":{"file":"foto_hahnemann-177x142.png","width":177,"height":142,"mime_type":"image\/png","source_url":"https:\/\/naturheilpraxis-dean.de\/de\/wp-content\/uploads\/2017\/05\/foto_hahnemann-177x142.png"},"blog-medium":{"file":"foto_hahnemann-208x202.png","width":208,"height":202,"mime_type":"image\/png","source_url":"https:\/\/naturheilpraxis-dean.de\/de\/wp-content\/uploads\/2017\/05\/foto_hahnemann-208x202.png"},"recent-works-thumbnail":{"file":"foto_hahnemann-66x66.png","width":66,"height":66,"mime_type":"image\/png","source_url":"https:\/\/naturheilpraxis-dean.de\/de\/wp-content\/uploads\/2017\/05\/foto_hahnemann-66x66.png"},"fusion-200":{"file":"foto_hahnemann-200x200.png","width":200,"height":200,"mime_type":"image\/png","source_url":"https:\/\/naturheilpraxis-dean.de\/de\/wp-content\/uploads\/2017\/05\/foto_hahnemann-200x200.png"},"full":{"file":"foto_hahnemann.png","width":208,"height":208,"mime_type":"image\/png","source_url":"https:\/\/naturheilpraxis-dean.de\/de\/wp-content\/uploads\/2017\/05\/foto_hahnemann.png"}},"image_meta":{"aperture":"0","credit":"","camera":"","caption":"","created_timestamp":"0","copyright":"","focal_length":"0","iso":"0","shutter_speed":"0","title":"","orientation":"0","keywords":[]}},"post":1575,"source_url":"https:\/\/naturheilpraxis-dean.de\/de\/wp-content\/uploads\/2017\/05\/foto_hahnemann.png","_links":{"self":[{"href":"https:\/\/naturheilpraxis-dean.de\/de\/wp-json\/wp\/v2\/media\/1596","targetHints":{"allow":["GET"]}}],"collection":[{"href":"https:\/\/naturheilpraxis-dean.de\/de\/wp-json\/wp\/v2\/media"}],"about":[{"href":"https:\/\/naturheilpraxis-dean.de\/de\/wp-json\/wp\/v2\/types\/attachment"}],"author":[{"embeddable":true,"href":"https:\/\/naturheilpraxis-dean.de\/de\/wp-json\/wp\/v2\/users\/1"}],"replies":[{"embeddable":true,"href":"https:\/\/naturheilpraxis-dean.de\/de\/wp-json\/wp\/v2\/comments?post=1596"}],"wp:attached-to":[{"embeddable":true,"post_type":"page","id":1575,"href":"https:\/\/naturheilpraxis-dean.de\/de\/wp-json\/wp\/v2\/pages\/1575"}],"curies":[{"name":"wp","href":"https:\/\/api.w.org\/{rel}","templated":true}]}}

<!-- This site is optimized with the Yoast SEO plugin v27.1.1 - https://yoast.com/product/yoast-seo-wordpress/ -->
<title>- Naturheilpraxis Claudia Dean in Langebrück</title>
<meta name="robots" content="index, follow, max-snippet:-1, max-image-preview:large, max-video-preview:-1" />
<link rel="canonical" href="https://naturheilpraxis-dean.de/de/wp-content/uploads/2017/05/foto_hahnemann.png" />
<meta property="og:locale" content="de_DE" />
<meta property="og:type" content="article" />
<meta property="og:title" content="- Naturheilpraxis Claudia Dean in Langebrück" />
<meta property="og:url" content="https://naturheilpraxis-dean.de/de/wp-content/uploads/2017/05/foto_hahnemann.png" />
<meta property="og:site_name" content="Naturheilpraxis Claudia Dean in Langebrück" />
<meta property="article:modified_time" content="2017-05-19T13:22:31+00:00" />
<meta property="og:image" content="https://naturheilpraxis-dean.de/de/wp-content/uploads/2017/05/foto_hahnemann.png" />
	<meta property="og:image:width" content="208" />
	<meta property="og:image:height" content="208" />
	<meta property="og:image:type" content="image/png" />
<meta name="twitter:card" content="summary_large_image" />
<script type="application/ld+json" class="yoast-schema-graph">{"@context":"https://schema.org","@graph":[{"@type":"WebPage","@id":"https://naturheilpraxis-dean.de/de/wp-content/uploads/2017/05/foto_hahnemann.png","url":"https://naturheilpraxis-dean.de/de/wp-content/uploads/2017/05/foto_hahnemann.png","name":"- Naturheilpraxis Claudia Dean in Langebrück","isPartOf":{"@id":"https://naturheilpraxis-dean.de/de/#website"},"datePublished":"2017-05-17T10:06:47+00:00","dateModified":"2017-05-19T13:22:31+00:00","breadcrumb":{"@id":"https://naturheilpraxis-dean.de/de/wp-content/uploads/2017/05/foto_hahnemann.png#breadcrumb"},"inLanguage":"de","potentialAction":[{"@type":"ReadAction","target":["https://naturheilpraxis-dean.de/de/wp-content/uploads/2017/05/foto_hahnemann.png"]}]},{"@type":"BreadcrumbList","@id":"https://naturheilpraxis-dean.de/de/wp-content/uploads/2017/05/foto_hahnemann.png#breadcrumb","itemListElement":[{"@type":"ListItem","position":1,"name":"Startseite","item":"https://naturheilpraxis-dean.de/de/"},{"@type":"ListItem","position":2,"name":"Therapien","item":"https://naturheilpraxis-dean.de/de/therapien/"}]},{"@type":"WebSite","@id":"https://naturheilpraxis-dean.de/de/#website","url":"https://naturheilpraxis-dean.de/de/","name":"Naturheilpraxis Claudia Dean in Langebrück","description":"Schröpfen, Aderlass nach Hildegard v. Bingen und Baunscheidtieren, Dorn- /Breußtherapie, Fußreflexzonentherapie, Eigenbluttherapie, Aderlass, Pflanzenheilkunde, Homöopathie und Spagyrik, Schüssler-Salze, mikrobiologische Präparate, Algen, Naturmineralien oder orthomolekulare Medizin in Kombination mit ausgewählten Therapien, Ernährungsumstellung","publisher":{"@id":"https://naturheilpraxis-dean.de/de/#organization"},"potentialAction":[{"@type":"SearchAction","target":{"@type":"EntryPoint","urlTemplate":"https://naturheilpraxis-dean.de/de/?s={search_term_string}"},"query-input":{"@type":"PropertyValueSpecification","valueRequired":true,"valueName":"search_term_string"}}],"inLanguage":"de"},{"@type":"Organization","@id":"https://naturheilpraxis-dean.de/de/#organization","name":"Naturheilpraxis Claudia Dean","url":"https://naturheilpraxis-dean.de/de/","logo":{"@type":"ImageObject","inLanguage":"de","@id":"https://naturheilpraxis-dean.de/de/#/schema/logo/image/","url":"https://naturheilpraxis-dean.de/de/wp-content/uploads/2017/05/logo_navi_big2.png","contentUrl":"https://naturheilpraxis-dean.de/de/wp-content/uploads/2017/05/logo_navi_big2.png","width":350,"height":83,"caption":"Naturheilpraxis Claudia Dean"},"image":{"@id":"https://naturheilpraxis-dean.de/de/#/schema/logo/image/"}}]}</script>
<!-- / Yoast SEO plugin. -->

- Naturheilpraxis Claudia Dean in Langebrück

Naturheilpraxis Claudia Dean in Langebrück

Schröpfen, Aderlass nach Hildegard v. Bingen und Baunscheidtieren, Dorn- /Breußtherapie, Fußreflexzonentherapie, Eigenbluttherapie, Aderlass, Pflanzenheilkunde, Homöopathie und Spagyrik, Schüssler-Salze, mikrobiologische Präparate, Algen, Naturmineralien oder orthomolekulare Medizin in Kombination mit ausgewählten Therapien, Ernährungsumstellung
